0?
False
Is 224 a multiple of 8?
True
Is 25740 a multiple of 22?
True
Does 16 divide 7888?
True
Is 700 a multiple of 140?
True
Is 207 a factor of 17595?
True
Is 13906 a multiple of 34?
True
Does 45 divide 26820?
True
Is 93 a factor of 279?
True
Is 6 a factor of 45102?
True
Is 3 a factor of 2586?
True
Is 11 a factor of 163?
False
Does 75 divide 6112?
False
Is 7970 a multiple of 25?
False
Is 48 a factor of 9101?
False
Is 33540 a multiple of 15?
True
Is 13 a factor of 1391?
True
Is 19 a factor of 1611?
False
Is 236 a factor of 40828?
True
Is 45 a factor of 312?
False
Is 133 a factor of 1330?
True
Is 10890 a multiple of 22?
True
Is 20445 a multiple of 15?
True
Is 7 a factor of 777?
True
Is 10 a factor of 3770?
True
Is 18 a factor of 994?
False
Is 7229 a multiple of 5?
False
Does 26 divide 30407?
False
Is 4 a factor of 499?
False
Is 2 a factor of 6057?
False
Does 7 divide 2352?
True
Is 32 a factor of 960?
True
Is 4 a factor of 33004?
True
Is 52 a multiple of 9?
False
Is 5 a factor of 5275?
True
Does 28 divide 494?
False
Is 6 a factor of 9822?
True
Is 2 a factor of 69?
False
Does 5 divide 557?
False
Is 19435 a multiple of 13?
True
Is 1060 a multiple of 4?
True
Does 126 divide 1926?
False
Is 141 a multiple of 5?
False
Is 8 a factor of 22987?
False
Is 2828 a multiple of 14?
True
Is 12 a factor of 1116?
True
Is 7766 a multiple of 15?
False
Is 303 a multiple of 7?
False
Is 69 a factor of 3115?
False
Is 2200 a multiple of 11?
True
Is 3206 a multiple of 15?
False
Is 90 a factor of 1152?
False
Is 35 a factor of 132?
False
Is 211 a multiple of 23?
False
Does 20 divide 108?
False
Is 2970 a multiple of 5?
True
Does 28 divide 139816?
False
Does 12 divide 3107?
False
Is 18 a factor of 6444?
True
Does 84 divide 746?
False
Is 72 a factor of 10339?
False
Is 92218 a multiple of 49?
True
Is 5 a factor of 4786?
False
Is 155 a factor of 14105?
True
Is 5 a factor of 1065?
True
Does 83 divide 923?
False
Is 11 a factor of 682?
True
Does 91 divide 2615?
False
Does 4 divide 1176?
True
Does 21 divide 160?
False
Does 23 divide 12857?
True
Is 71 a factor of 4686?
True
Is 45 a factor of 3413?
False
Is 7016 a multiple of 41?
False
Does 32 divide 81?
False
Is 23 a factor of 3680?
True
Is 678 a multiple of 8?
False
Does 34 divide 626?
False
Is 20 a factor of 80?
True
Is 427 a multiple of 57?
False
Is 33 a factor of 1952?
False
Is 12090 a multiple of 155?
True
Is 595 a multiple of 59?
False
Is 5994 a multiple of 18?
True
Does 37 divide 18495?
False
Is 62 a factor of 16190?
False
Is 4 a factor of 3261?
False
Is 334 a multiple of 6?
False
Does 7 divide 6847?
False
Does 20 divide 17184?
False
Is 522 a multiple of 11?
False
Is 800 a multiple of 36?
False
Is 12 a factor of 1386?
False
Is 102 a multiple of 2?
True
Does 21 divide 23115?
False
Does 24 divide 27240?
True
Is 36 a factor of 2052?
True
Is 12343 a multiple of 38?
False
Is 88 a factor of 766?
False
Does 52 divide 138?
False
Is 5372 a multiple of 17?
True
Is 41737 a multiple of 26?
False
Is 165 a multiple of 3?
True
Does 13 divide 598?
True
Is 9920 a multiple of 8?
True
Does 11 divide 98245?
False
Is 954 a multiple of 9?
True
Does 13 divide 10594?
False
Is 99 a factor of 72567?
True
Is 8 a factor of 157?
False
Does 9 divide 446?
False
Is 18 a factor of 4896?
True
Does 98 divide 3430?
True
Does 17 divide 906?
False
Does 64 divide 11008?
True
Does 4 divide 771?
False
Is 33 a factor of 67287?
True
Does 7 divide 7399?
True
Is 2008 a multiple of 11?
False
Is 36 a factor of 912?
False
Does 31 divide 2709?
False
Does 129 divide 15609?
True
Does 27 divide 1498?
False
Does 44 divide 1024?
False
Is 2874 a multiple of 7?
False
Is 6 a factor of 6850?
False
Is 195 a multiple of 7?
False
Does 54 divide 2852?
False
Is 15 a factor of 79255?
False
Does 25 divide 44247?
False
Is 21 a factor of 3917?
False
Does 107 divide 2607?
False
Is 4 a factor of 5417?
False
Is 17 a factor of 3576?
False
Is 25869 a multiple of 78?
False
Is 3220 a multiple of 70?
True
Does 5 divide 13051?
False
Is 2162 a multiple of 26?
False
Is 87 a factor of 1131?
True
Is 1237 even?
False
Is 22 a factor of 1565?
False
Is 39 a factor of 1053?
True
Is 121 a factor of 73931?
True
Is 29190 a multiple of 34?
False
Is 2003 a multiple of 4?
False
Is 21 a factor of 25578?
True
Is 30100 a multiple of 70?
True
Does 115 divide 13455?
True
Is 5974 a multiple of 31?
False
Is 46 a factor of 460?
True
Does 5 divide 2335?
True
Does 34 divide 204?
True
Is 205 a multiple of 5?
True
Does 2 divide 200?
True
Is 34 a factor of 6849?
False
Is 98 a multiple of 14?
True
Does 48 divide 912?
True
Is 5 a factor of 8158?
False
Is 25 a factor of 2025?
True
Is 872 a multiple of 8?
True
Is 287 a multiple of 41?
True
Is 20 a factor of 4331?
False
Is 5292 a multiple of 9?
True
Does 14 divide 33423?
False
Does 64 divide 510?
False
Does 83 divide 68468?
False
Is 18 a factor of 4016?
False
Is 243 a multiple of 2?
False
Does 206 divide 142386?
False
Is 5019 a multiple of 21?
True
Is 13579 a multiple of 37?
True
Does 22 divide 5828?
False
Is 9 a factor of 13826?
False
Does 11 divide 12585?
False
Is 15 a factor of 625?
False
Is 2 a factor of 98?
True
Is 25119 a multiple of 22?
False
Is 11 a factor of 3509?
True
Is 1341 a multiple of 7?
False
Is 784 a multiple of 16?
True
Is 665 a multiple of 13?
False
Does 5 divide 8680?
True
Is 18 a factor of 324?
True
Is 16 a factor of 18096?
True
Does 42 divide 51486?
False
Does 21 divide 2331?
True
Is 598 a multiple of 23?
True
Does 151 divide 63185?
False
Does 51 divide 27285?
True
Is 43 a factor of 864?
False
Is 128 a multiple of 3?
False
Is 9 a factor of 27?
True
Is 187 a multiple of 33?
False
Is 44 a factor of 352?
True
Does 3 divide 13023?
True
Is 262 a multiple of 13?
False
Does 128 divide 15162?
False
Is 8003 a multiple of 8?
False
Is 15 a factor of 1170?
True
Does 27 divide 228?
False
Is 9 a factor of 846?
True
Does 49 divide 8477?
True
Does 54 divide 207?
False
Is 2466 a multiple of 3?
True
Does 28 divide 56?
True
Does 16 divide 1003?
False
Does 32 divide 2420?
False
Is 11220 a multiple of 11?
True
Does 14 divide 19894?
True
Is 76398 a multiple of 214?
True
Does 56 divide 449?
False
Is 14 a factor of 2282?
True
Does 113 divide 18334?
False
Does 24 divide 7896?
True
Does 21 divide 3885?
True
Is 11 a factor of 132?
True
Does 25 divide 2200?
True
Is 50 a factor of 12250?
True
Does 17 divide 1003?
True
Does 30 divide 2651?
False
Is 47 a multiple of 10?
False
Is 26 a factor of 865?
False
Is 62 a factor of 2790?
True
Does 5 divide 155?
True
Does 3 divide 8924?
False
Does 14 divide 821?
False
Is 3 a factor of 414?
True
Does 357 divide 120309?
True
Does 10 divide 250?
True
Is 25222 a multiple of 19?
False
Does 91 divide 4732?
True
Is 828 a multiple of 4?
True
Is 3 a factor of 76?
False
Is 2211 a multiple of 7?
False
Is 98731 a multiple of 435?
False
Is 20 a factor of 2983?
False
Is 1337 a multiple of 65?
False
Is 8505 a multiple of 27?
True
Does 5 divide 89?
False
Is 25 a factor of 71?
False
Is 6815 a multiple of 23?
False
Does 13 divide 247?
True
Does 60 divide 10622?
False
Is 4159 a multiple of 5?
False
Is 5444 a multiple of 30?
False
Is 16560 a multiple of 345?
True
Is 6 a factor of 934?
False
Is 51137 a multiple of 28?
False
Does 74 divide 14781?
False
Is 12 a factor of 126137?
False
Is 4454 a multiple of 36?
False
Is 35 a factor of 28140?
True
Does 36 divide 181?
False
Is 7592 a multiple of 13?
True
Is 534 a factor of 75832?
False
Is 8 a factor of 16?
True
Does 10 divide 24220?
True
Is 3 a factor of 1820?
False
Is 361 a multiple of 37?
False
Does 22 divide 876?
False
Is 7701 a multiple of 151?
True
Is 285 a multiple of 4?
False
Does 12 divide 192?
True
Is 5890 a multiple of 95?
True
Is 37714 a multiple of 218?
True
Does 79 divide 48111?
True
Is 18942 a multiple of 22?
True
Is 918 a multiple of 34?
True
Does 192 divide 23232?
True
Is 4144 a multiple of 14?
True
Is 326 a multiple of 28?
False
Is 3384 a multiple of 9?
True
Does 12 divide 39996?
True
Is 7158 a multiple of 89?
False
Does 15 divide 1425?
True
Does 114 divide 22230?
True
Is 46 a factor of 1748?
True
Is 69 a factor of 64722?
True
Is 28 a factor of 560?
True
Is 1856 a multiple of 151?
False
Does 88 divide 938?
False
Does 103 divide 2060?
True
Does 4 divide 11367?
False
Is 4 a multiple of 3?
False
Is 18 a fact